 Let a = c + 82. Is (3/a)/1 - -436 a composite number?
False
Suppose -126*d + 209*d = 89021733. Is d a prime number?
False
Let b = -803 + 11537. Suppose -b = -33*o + 25137. Is o composite?
False
Let n = -329 - -234. Let f = n + 180. Suppose u = 174 + f. Is u a prime number?
False
Let n be 6/(-4)*(-70)/(-21). Let k be (0 - 0/n) + 1. Is (475 + (1 - -3))/k a prime number?
True
Let w be (111/3 + -13)*(-4)/(-6). Is (9/18)/((-4)/w) - -2779 prime?
True
Let p = 28 + -23. Suppose -c + p*c - 8 = 0. Is 1062/12 - c/(-4) composite?
False
Suppose 4*j - 8904 - 2769 = 5*z, 5*j - 9333 = 4*z. Let d = -356 - z. Is d a composite number?
True
Let m = 18695 - 18379. Let z(t) = 3*t**2 - 5*t + 5. Let c be z(-5). Let h = m - c. Is h a composite number?
False
Let v(b) = -183*b - 29 - 102*b + 16. Let h be v(-7). Is 4*h/4*(-3)/(-2) prime?
False
Suppose 5*n = 3*g - 178, n = -6*g + 3*g + 202. Let y = g + -66. Suppose -3*o = -3*f + 3273, y = -o - 4*o. Is f prime?
True
Let b(d) = 2*d**2 - 5 - d**2 + 2*d - 5*d**2 - d**2 + d**3. Let h be b(5). Suppose -h*p - 1886 = -7*p. Is p a composite number?
True
Let q(h) = h**3 - 21*h**2 + 19*h + 25. Let c be q(20). Let m(f) = c - 9 + 2 + 97*f. Is m(3) a prime number?
False
Suppose -a + 3*h = 6, -4*a + 2*h - h - 46 = 0. Let j be 26/(-8) - a/48. Is 4641/12 + j/4 composite?
True
Let f be ((-4)/18)/(11/((-396)/8)). Let p(d) = 10674*d - 13. Is p(f) a composite number?
True
Let i be 96/432 + 0 + 43/9. Suppose 2*q - o - 809 = 815, -2*q + i*o + 1616 = 0. Is q prime?
False
Let j be -2*(2 + -4) - 2. Suppose 4*n = 2*b + 30, -5*b = j*n - b + 10. Is 318 + (15/(-3))/n prime?
True
Suppose -12*l + 14*l - 4*l + 509734 = 0. Is l composite?
True
Let a = 255 - 245. Suppose -a*k - 5689 = -17959. Is k prime?
False
Suppose 2*a - 204564 = 227858. Is a a composite number?
False
Suppose -5*f + 2*n + 19870 = -48869, 54980 = 4*f + 4*n. Is f prime?
False
Let v(t) = -t**3 - 19*t**2 + 18*t - 40. Let b be v(-20). Suppose 24*c - 1288 - 11120 = b. Is c composite?
True
Suppose -2867427 = -13*d - 14*d. Suppose -79652 = -3*h + w, -6*w + 9*w + d = 4*h. Is h prime?
False
Let u = 1136 + 114. Let b = u - 419. Is b composite?
True
Let n = 202236 + 265297. Suppose -28*w + 9*w = -n. Is w prime?
False
Let u be (1/1)/((-324)/66 + 5). Suppose -u*q + 1574 = -2727. Is q prime?
False
Suppose -4*z + 5*u = -193, -z + 4*u + 52 = -u. Let d = 46 - z. Is (-13)/(d*(-2)/(-58)) a prime number?
False
Let c(p) = 548*p**2 - 7*p - 11. Let b be (-5)/(2/(-3*4/3)). Suppose 0 = -6*z + 11*z + b. Is c(z) a prime number?
False
Suppose 0 = -o - 0*o + 130. Suppose 4 = l - 1, 5*l = 5*w - o. Is 19*w - (-1 + -3 + 6) composite?
False
Suppose 5*r - 5*g = -100, 49 = -5*r + 2*g - 39. Let f(q) = -36*q + 11*q - 2 - 42*q + 29. Is f(r) a composite number?
True
Suppose f - 5*f = -31949 - 19863. Is f a composite number?
False
Is (4559535/225)/(0 + (-1)/(-5)) a composite number?
False
Let m(d) = d**3 - d**2 - 7*d - 5. Let v(i) = i**3 - 2*i**2 + i. Let l be v(3). Let u be m(l). Suppose 0 = y + 4, -y + 0*y = -3*a + u. Is a prime?
False
Suppose -3239006 = 30*z - 137*z + 4311021. Is z composite?
True
Let k(p) = -p**2 + 19*p - 31. Let l be k(2). Suppose -2*a - 3324 = -2*r, -l*a = -2*r - 2*r + 6643. Is r composite?
False
Let y(z) = 7*z**3 - 4*z**2 + 6*z + 38. Is y(9) a composite number?
False
Suppose -2*b + 2*d = -7*b - 5807, 0 = -3*b - 3*d - 3486. Let r = 1892 + b. Is r a prime number?
False
Let d be (-117)/(-26)*(-1460)/(-3). Suppose 3*y - 4*n = -7*n + 6480, -y + d = -5*n. Is y prime?
False
Let n be (-4)/18 - (416/72 - 9). Suppose 5265 = -22*s + 25*s + n*f, -5*s - 3*f = -8773. Is s a prime number?
False
Let u(r) = 19*r - 1. Let i be u(2). Let o = -33 + i. Suppose 0 = -o*a + 1297 + 163. Is a a prime number?
False
Let z(a) = -28*a - 115. Let p be (-3 - (4 + -5))*(-1 - -11). Is z(p) a prime number?
False
Suppose 0 = 6*h + 9 - 39. Suppose -10 = -h*n, -22 = 5*p - 5*n - 2. Is -296*p/4 + 1 a prime number?
True
Suppose 2*k - 1167 - 955 = 2*z, 5*k = -4*z - 4244. Let j = z - -57. Let v = j - -1995. Is v a prime number?
True
Let y(u) be the third derivative of 6*u**4 + 71*u**3/3 + u**2 - 5*u. Is y(16) prime?
False
Suppose 10*l + 171166 = 3*y + 3529097, 0 = -2*l - 5*y + 671547. Is l a composite number?
True
Suppose 2*m + 9 - 15 = 0. Suppose 3*x = 2*l - m*l - 7, -5*l + x + 13 = 0. Suppose -2*f - 464 = -l*c - 0*f, 0 = 2*c + 3*f - 469. Is c a prime number?
True
Is ((-43856)/(-168))/(3/21)*21/2 a prime number?
False
Let b(h) = 155*h**2 + 49*h**2 + 359*h**2 - 3 - 134*h**2 + 21*h. Is b(-5) a prime number?
False
Let m(a) = 695*a**2 - a + 13. Let c = -499 - -503. Is m(c) a prime number?
False
Let l = -11926 + 19535. Is l prime?
False
Suppose -103000 = -5*n + 4*i, -2*n + 82421 = 2*n + i. Let t = n - 9709. Is t prime?
False
Let z(c) = 2664*c**2 - 131*c - 823. Is z(-6) a composite number?
True
Let c = 35 - 10. Let a = -7927 - -7999. Suppose -v + c = -a. Is v composite?
False
Let g(r) = 5330*r**2 + 28*r + 119. Is g(-4) a composite number?
True
Suppose -14*o + 11*o - 232917 = 0. Let i = -54522 - o. Is i a prime number?
True
Let a(d) = -d**2 - 4*d + 29. Let g be a(-8). Is (0 + (-1)/g)/((-2)/(-23862)) prime?
False
Suppose -51*s + 12 = -54*s. Let j be (s/(-3))/(((-24)/18)/(-4)). Suppose -5*m = -j*q + 6*q - 4612, -3*q - 1841 = -2*m. Is m composite?
True
Is (-2 - 243/(-15))/(9/61785) a composite number?
True
Let l(d) = 10*d**3 - 21*d**2 + 42*d - 177. Is l(10) composite?
True
Suppose 0 = -172*a + 171*a - 3. Let q be (-12)/(-4) + 4 + 6/a. Suppose -615 = -f - q*r, -4*f = -2*r - 1100 - 1448. Is f a prime number?
False
Let j(l) = -3*l**2 + 4*l**2 - 30*l + l**3 - 38 - 1. Is j(12) a composite number?
True
Suppose 16*k - 388690 + 81746 = 270992. Is k composite?
True
Is 5 - 443220/(-48) - (-2)/8 prime?
True
Is (6477 - -8 - -9) + 9 composite?
True
Suppose 5*d + 2*z = -15150 + 60129, 4*d = -4*z + 35976. Is d composite?
True
Is (8 - 126/12 - -3)/(6/6668124) a prime number?
True
Let h be (51 + -2526)*7/(-3). Let l = h + 3158. Is l a prime number?
True
Let q(j) = -134*j + 21*j - 544*j - 11*j + 258 - 912*j. Is q(-11) composite?
True
Let c(y) be the first derivative of 206*y**3 - 15*y**2/2 - 104*y + 10. Is c(-5) a prime number?
False
Suppose 4*p = 4*k - 21280, 0 = 13*k - 16*k + 4*p + 15963. Is k a composite number?
True
Suppose 0 = 5*h - 4*s - 85435, 0 = 2*h - 3*s + 5*s - 34174. Suppose 3*w - h - 4117 = -t, -2*w - 5*t = -14123. Is w a composite number?
False
Let o(i) = 33*i**2 + 38*i + 27. Let u be o(16). Let w = -6190 + u. Is w composite?
True
Is 2470/(-570) + 873172/3 a prime number?
False
Let t = 8977 - 13283. Let z = 1767 - t. Is z a composite number?
False
Let w(u) = 186*u**3 + 14*u**2 - 27*u + 2. Is w(5) a prime number?
False
Let y = -178 - -182. Suppose 8*v - 4*v = 0. Suppose -y*q - u + 1179 = v, 4*q - u - 591 = 2*q. Is q prime?
False
Let j(y) = 10*y**2 + 58*y - 313. Is j(70) prime?
True
Is -8 - -10 - (-8265)/15 prime?
False
Let a(b) = -7*b**2 - 3*b + 5. Let j be a(4). Let f = j - -7176. Is f composite?
False
Let c(x) = 163*x**2 - 2*x + 2. Let y be c(14). Suppose 0 = 3*g - y + 5255. Suppose 5*r = -17 - 3, -3*r - g = -3*t. Is t composite?
True
Let v(s) = 106*s + 3. Let h be v(-1). Let m = -64 - h. Suppose -4*b - m = -395. Is b prime?
True
Let h = 359 - 817. Let k(a) = -7*a**2 - 9*a + 5. Let x be k(-7). Let t = x - h. Is t composite?
True
Let o(y) = 84*y**2 + 33*y - 597. Is o(24) composite?
True
Let t = 247704 + 120067. Is t a prime number?
True
Suppose 0 = 2*i - 2*j + 4 - 2, 0 = i + 5*j + 1. Let p be ((-36)/21)/(9/(-7) - i). Suppose 0 = -5*o + p*o - 239. Is o composite?
False
Is 123/(-36)*-2062 + (-135)/810 prime?
False
Suppose q + 18711027 = 28*q. Is q composite?
True
Let j = -37 + 45. Let h be -4 - (976/(-12))/(j/(-36)). Let v = h - -729. Is v composite?
False
Suppose 20 = -7*j - 1. Is (j + 2)*(6*-329 - -1) prime?
True
Let f = 64 + -55. Let s = f + 18. Is ((-1082)/(-3))/(9/s) prime?
False
Let z = 104 + -104. Suppose -12*j + 3418 + 3626 = z. Is j prime?
True
Let r be (1 - -3576) + (-124)/62. Suppose -3*f = -3*g - 18684, f + 2*g - 2650 = r. Is f a prime number?
False
Let k = 39848 + 66653. Is k a prime number?
True
Suppose -2 - 46 = 3*r. Let f = -12 - r. Let o(a) = 25*a**2 + 2*a + 11. Is o(f) a composite number?
False
Suppose 5*i - 3*x - 7 = 3*i, i = 3*x - 4. 